(u) = -36*u - 4. Let j(o) = m*p(o) + 2*z(o). Suppose 31*l + 10 = 26*l. What is j(l)?
-7
Let m(h) = -4 + 7*h**2 - 17*h - h**3 - 20 + 28*h + 0. Let t be m(8). Let i(c) = c**2 + c + 9. Determine i(t).
9
Let i(q) = 5*q**2 + q - 4. Let f(g) = -11*g**2 - g + 7. Let n = 106 - 119. Let c(a) = n*i(a) - 6*f(a). Determine c(4).
-2
Let u(a) = -4*a**3 - 42*a**2 - 108*a + 8. Let s be u(-6). Let m(h) = 11 + 7 - 5 - h. Calculate m(s).
5
Let p(w) = 2197*w**2 - 187 + 2346*w**2 + w - 4542*w**2. Calculate p(13).
-5
Let x(r) = -r + 8. Suppose -10*c - 14 = -7*c - 2*u, -10 = 5*u. Let i be (12/(-8))/(c/20). Determine x(i).
3
Let l(b) be the second derivative of b**5/20 + 3*b**4/4 + b**3/3 - 3*b**2 - 2*b - 102. Calculate l(-8).
42
Let b(p) = 10*p**3 - 17*p**2 + 10*p - 2. Let o(y) = -9*y**3 + 20*y**2 - 11*y + 3. Let u(w) = 7*b(w) + 6*o(w). Give u(-1).
-15
Let p(c) be the second derivative of -c**3/6 - 38*c. Let s = 44 - 49. Let o(f) = 8*f. Let b(v) = s*p(v) - o(v). Give b(1).
-3
Let q(t) = t**3 - 2*t**2 - t - 7. Suppose 18*i = u + 13*i - 31, -3*u + 53 = -5*i. Suppose 98 = u*x + 65. Give q(x).
-1
Suppose -2 = -5*b + 23, -2*x - 15 = -b. Let w = 79 - 85. Let a(q) = -3*q. Let o(t) = t. Let m(l) = w*a(l) - 17*o(l). Determine m(x).
-5
Let q be (28/(-16))/((-2)/(-4)*(-44)/88). Let p(c) be the first derivative of c**4/4 - 2*c**3 - 4*c**2 - 4*c + 1. Determine p(q).
-11
Let o(t) = -t**3 + 0*t**3 - t**2 - 4 + 5*t**2. Let q = 177 + -175. Suppose -3*i - 6 = -6*i, -q*c = -3*i. What is o(c)?
5
Suppose -4*w = 20, -7*x + 3*x - 2*w - 62 = 0. Let a(i) = -3*i - 43. Calculate a(x).
-4
Let m = -12 - -5. Let j(x) be the second derivative of -x**5/20 - 7*x**4/12 - 3*x**2 - 46*x - 45. Give j(m).
-6
Let f(z) be the first derivative of -207 - z**2 - 7/3*z**3 + 6*z + 1/4*z**4. What is f(7)?
-8
Let x(b) = -3*b + 102. Let w be x(34). Let l(t) = -11*t**3 + 16*t**2 - 7*t - 13. Let u(p) = 6*p**3 - 9*p**2 + 4*p + 7. Let g(a) = -4*l(a) - 7*u(a). Give g(w).
3
Let q(n) = 20*n + 1899. Let a be q(-95). Let i(k) = -3*k**2 - 1. Calculate i(a).
-4
Let x(u) = u**3 - 7*u**2 + 2*u + 6. Let n be 2714/322 + (-3)/7 + -2. What is x(n)?
-18
Let y = -23 + 34. Suppose -5*h + m + 40 = 0, -h - y = h + 5*m. Let g(n) be the third derivative of -n**4/24 - 7*n**3/6 - 24*n**2. Calculate g(h).
-14
Let g(o) be the second derivative of o**4/12 - o**3/2 + 5*o**2/2 + 7*o - 1. Suppose 10 + 2 = 3*c, -4*r = -5*c + 8. Let x = r + 1. What is g(x)?
9
Suppose -4036*m + 4014*m = -110. Let o(x) be the second derivative of -1/6*x**3 - 26*x + 1/20*x**m + 0 - 15/2*x**2 + 11/12*x**4. What is o(-11)?
-4
Let s(d) be the second derivative of -d**3/2 - 3*d**2 + d. Let k be -3 - (1 + (-2 - 0) + -37). Suppose 6*t - t = -4*f + 5, -2*t = -5*f - k. Calculate s(f).
9
Suppose 3*b - 2*w = 39, 11*w - 6*w = -5*b + 40. Let k(v) = -v**2 + 13 - 1 - b - v - 11. What is k(0)?
-10
Let v(u) be the first derivative of -1/4*u**4 + 141 + 6*u - 5/3*u**3 + 9/2*u**2. Determine v(-6).
-12
Let h(u) be the first derivative of u**2 + 11*u - 2593. Give h(12).
35
Let h(s) = -s**2 + 2*s. Let u be h(3). Let a(m) = 2*m + 4*m - 6*m + m. Let n(f) = 4*f + 4. Let g(k) = 5*a(k) - n(k). Determine g(u).
-7
Let l(h) = -8*h - 99. Let d be l(-13). Let f(w) = -8*w**2 - 11*w - 12. Let q(g) = 5*g**2 + 6*g + 6. Let k(y) = 3*f(y) + 5*q(y). Calculate k(d).
4
Let s = -145 + 150. Suppose 6*k - 22 = -s*k. Let u(o) = 5*o - 3. Calculate u(k).
7
Let q(c) be the first derivative of 76*c**3/3 + c**2 + 3003. What is q(1)?
78
Let p(b) = -3*b - 6 - b + 5*b + 3. Let r be p(5). Let d(m) = 10*m - 284 - r*m + 281 - m**2. Give d(7).
4
Let r(k) = -16*k - 465*k**3 + 227*k**3 - 1 + k**2 + 234*k**3. Let n(m) = m**3 + 5*m. Let d(g) = -7*n(g) - 2*r(g). Calculate d(3).
2
Let y(b) = 1 + 56*b - 32*b + 0 + 5 - 25*b. Calculate y(1).
5
Let o(q) = 27*q - 4. Let m be 2/(-52)*2*-15 - (-20)/(-130). Give o(m).
23
Let p(b) = 10*b + 3. Let d(o) = 25*o - 95. Let m be d(7). Let c = 78 - m. Determine p(c).
-17
Let t(w) = 8 - 4 + 0*w**2 + 6*w - 42*w**3 - 4*w**2 + 41*w**3. Let c be -2*(-1)/2 - 4. Let a be ((-1)/c - 2)*18/6. Calculate t(a).
-1
Let o(a) = -a + 7. Let i(p) = -p**2 + 83*p + 345. Let b be i(-4). Determine o(b).
10
Suppose 0 = 3*u + 4*g - 56 - 146, 3*g + 15 = 0. Suppose 65*d + 399 - u = 0. Let f(k) = -k - 14. Calculate f(d).
-9
Let p(d) = d**2 - 19*d - 8. Suppose w = 3*w + 10. Let m(f) = 2 + 2 + 3875*f**2 - 1934*f**2 - 1942*f**2 + 10*f. Let b(o) = w*m(o) - 3*p(o). Give b(-4).
8
Let o be ((-1)/(-2) - (-2)/(-4))*-1. Let p(t) = -11*t + 6*t + o*t - 2*t + 2*t. What is p(-3)?
15
Let a be (8 - -37) + 1/(2/6). Suppose -a = 34*l - 26*l. Let f(c) = -c**2 - 9*c - 7. Calculate f(l).
11
Suppose 2*o - 88 = 2*w, 0 = 3*o - 2*w + 7 - 144. Let g(z) = 9 + 13 + 23*z + 15 + 13 - o. Let u(l) = l**3 + 5*l**2 - 7*l - 5. Let r be u(-6). What is g(r)?
24
Let b(o) = 336*o**2 - 45*o + 48*o - 338*o**2. Give b(2).
-2
Let o(s) be the first derivative of s**3/3 - 3*s**2/2 + s - 42158. Suppose 0 = 2*m + 2, -i = 2*i + 5*m - 7. Calculate o(i).
5
Let x(r) = -2741*r**2 - 5076 + 5079 + 2744*r**2. Let z be (-57)/(-21) - (-2)/7. Determine x(z).
30
Let n(l) = 25425*l**2 - 25426*l**2 + 103*l + 31 - 86*l. Calculate n(19).
-7
Let w(o) = -372*o + 8590. Let y be w(23). Let q(b) = 3*b**2 - 105*b + 95. Determine q(y).
-7
Let i(j) = j**3 + 9*j**2 + 11*j. Suppose 76*s + 506 = -102. Calculate i(s).
-24
Let o(m) = m + 4. Let w be o(-4). Let z be ((-7)/((-210)/45))/((-1)/(-2)). Let d(x) = -x**z + 53 - 39 - 7 + x - x**2. Calculate d(w).
7
Suppose 0 = -27*k + 238 + 122 - 441. Let z(x) = -5*x - 2. Let n(w) = 6*w + 2. Let a(p) = -6*n(p) - 7*z(p). Determine a(k).
5
Let p = 440 - 379. Let l(c) = 1 - p*c**2 + 12*c + 33*c**2 - 4*c + 30*c**2. Determine l(-5).
11
Suppose k - 7 = -5*m, m + 2*k = 5*k + 11. Let d(l) = 5*l**m - 142*l + 280*l - 4*l**2 - 131*l - 6. Determine d(-10).
24
Let z(s) = -9*s**2 + 3*s. Let y = 468 + -466. Determine z(y).
-30
Let h(s) = 8*s - 61. Let w(t) = -t**3 + 22*t**2 + 23*t + 7. Let a be w(23). What is h(a)?
-5
Let t(q) = -8*q + 2*q - q - q**2 + 6*q + 42. Give t(-6).
12
Let y(u) be the first derivative of -1/3*u**3 + 46 - 8*u + 9/2*u**2. Determine y(7).
6
Let d(f) = -f - 3. Let c = -97 - -88. Let w be c*4/(-8)*-2. Calculate d(w).
6
Let j(n) = 109 - n**2 + 6*n + 11 - 11*n. Calculate j(9).
-6
Let z(t) = -2393 + 4800 - 2378 + 7*t. Calculate z(-19).
-104
Suppose 55 = 3*w + 70. Let k(g) be the third derivative of g**6/120 + g**5/12 + 5*g**4/24 - g**2 - 66. What is k(w)?
-25
Let c(r) be the first derivative of -r**2/2 + r + 12575. Suppose -q + 23 = -13. Suppose 8 = -k + 3*k - 2*h, 4*k = -h + q. Determine c(k).
-7
Suppose 0 = -2*r - 3*t - 3, -7 = -4*r + 4*t - 63. Let w(h) = h + 5585. Let k(j) = -1116. Let n(u) = -5*k(u) - w(u). Give n(r).
4
Let m(h) be the first derivative of h**3 - 21*h**2/2 + 26*h + 4769. Give m(5).
-4
Let c(x) = 4*x**2 + 22*x - 8. Let r be (136/(-20) - -6) + 588/(-140). Calculate c(r).
-18
Let p(o) = -2*o**2 + 5*o + 18. Let t(l) = 4*l**2 - 11*l - 41. Let h(c) = -5*p(c) - 2*t(c). What is h(6)?
46
Let q(v) = 3*v + v + 1 - v - 4*v - 5. Determine q(-18).
14
Let m be 14 - (-3)/6*-2. Suppose 0 = z + 4*s - m, 0*s = 4*z + 3*s + 13. Let j(t) = 4*t - 9. Let w(q) = -9*q + 20. Let l(o) = z*j(o) - 3*w(o). Give l(3).
0
Let b(x) = 6 + 5*x**2 - x - 4 + 2 + 2. Let v(k) = 6*k**2 - k + 6. Let m(r) = -5*b(r) + 4*v(r). Give m(0).
-6
Let x(y) be the second derivative of 4/3*y**3 - 14 - 9*y - 3/4*y**4 - 4*y**2 + 1/20*y**5. Calculate x(8).
-8
Suppose 4*v + 2*d - 72 = 3*v, 5*v - 399 = 3*d. Let x = -63 + v. Let j(u) = 132 - 71 + x*u - 61. Give j(1).
15
Suppose 209 = -5*j + 744. Suppose -12 = 101*x - j*x. Let l(a) = -7*a**2 + 2. Determine l(x).
-26
Let s(y) be the second derivative of 2*y**2 - 14*y + 1/20*y**5 + 0 + 0*y**3 - 5/12*y**4. Give s(4).
-12
Let s be 150/(-675) - 20/(-9). Let p(m) = m - 2 + 5 + 47*m**2 - 46*m**s. Suppose 8 + 16 = -3*j + 5*o, -2*j + 5*o - 21 = 0. What is p(j)?
9
Let v(x) = -13*x**3 - 3*x**2 + 11*x - 1. Let d(u) = -16*u**3 - 2*u**2 + 11*u - 1. Let s(n) = -4*d(n) + 5*v(n). Calculate s(-8).
-25
Let s(u) be the third derivative of -u**6/180 + u**4/12 - 19*u**3/3 + 51*u**2. Let n(i) be the first derivative of s(i). Determine n(-2).
-6
Let t(i) = -i**2 + 15*i - 24*i + 5 + 8. Let d be t(-10). Let h(o) = 44*o**2 + 49*o**2 - d*o + 1 - 134*o**2 + 40*o**2.